Determine n(q).
0
Let l(i) = i**3 - 5*i**2 + 2*i + 4. Let a(y) be the first derivative of y**3/3 - y**2/2 - 2*y - 2. Let s be a(2). Let k = s + 3. Determine l(k).
-8
Let x be -4 - ((3 - 5) + 2). Let r(l) = 4*l + 3. Determine r(x).
-13
Suppose 57*j - 52*j = 0. Let t(w) = w + 3. Give t(j).
3
Let t = 9 + -5. Let n(p) = -p - 3. Let y be n(-6). Let z(s) = s**2 - 2*s**2 + 8 - t*s**y + 5*s**3 + s. Determine z(0).
8
Let p(d) = -d + 1. Let s(u) = -u + 2. Let b(y) = -4*p(y) + 3*s(y). What is b(2)?
4
Let m(d) = 5*d**2 + d - 4. Let v(t) = 11*t**2 + t - 8. Let b(a) = 13*m(a) - 6*v(a). What is b(6)?
2
Let t(k) be the first derivative of k**3/3 - 3*k**2 - k - 6. What is t(3)?
-10
Let m(l) = l**3 - 2*l**2 - l - 1. Let c be m(0). Let s(h) be the second derivative of 7*h**5/20 - h**4/12 + h**3/6 + h**2/2 - h. Determine s(c).
-8
Suppose 6 = 2*w + 2. Let t(j) = 15*j - 2 - 11*j - 5*j - j**2. Determine t(w).
-8
Let a(v) be the first derivative of v**4/4 - 7*v**3/3 - 2*v - 8. Determine a(7).
-2
Let f(u) be the first derivative of -2*u + 0*u**3 - 1 - 1/2*u**2 - 1/4*u**4. Determine f(0).
-2
Let r be 6/(-3) + 3 + -1. Let o = 2 - r. Suppose -o = -3*q + 1. Let j(d) = -6*d**3 + d**2. What is j(q)?
-5
Let v = 19 - 21. Let l be ((-5)/(-5))/(v - -3). Let y(w) = 1 + 1 - 1 - 3*w. Determine y(l).
-2
Let y(b) = 0*b - b**3 - 2*b**2 + b - 4 + b**2. Let v(i) = -i**2 + 2*i. Let a be ((-1 - -1) + -2)*-1. Let x be v(a). Calculate y(x).
-4
Let g(k) be the first derivative of -k**4/4 + 2*k**3 - k**2/2 + 6*k - 12. Give g(6).
0
Let d = 2 - 0. Let n(t) = 4 - d + t**3 + 0*t - 5*t**2 + 9*t - 5*t. Calculate n(4).
2
Let m(h) = 3*h - 73*h**2 + 75*h**2 + 1 - 2*h**3 + h**3. Give m(3).
1
Let a = 4 + -2. Let x = a - 3. Let l(g) = -17*g**2 - 5*g - 2. Let k(f) = -9*f**2 - 3*f - 1. Let z(q) = 5*k(q) - 3*l(q). What is z(x)?
7
Let v(g) be the third derivative of g**5/12 + g**3/6 - 5*g**2. Give v(-1).
6
Let h(c) = 6*c - 17. Let u(f) = 5*f - 16. Let p(a) = -4*h(a) + 5*u(a). Determine p(0).
-12
Let k(y) = 4*y - y**2 + 6 - 11*y - 2. Calculate k(-6).
10
Let p = -124 - -128. Let b(s) = s**2 - 3*s - 5. Determine b(p).
-1
Let a = 0 + 2. Let w = 7 - a. Suppose -d - 5 = 2*u, w = -5*d - 3*u - 6. Let s(g) = -10*g**3 - g**2 + 1. Give s(d).
10
Let u be (-2)/1 + -1 + 6. Suppose u*g + f - 3*f + 5 = 0, -4*g - f + 8 = 0. Suppose -4 = 3*d - g. Let o(i) = 3*i**3 + i. Give o(d).
-4
Let m(q) = q**3 + 3*q**2 - 4*q - 5. Let i = 1 + -5. Calculate m(i).
-5
Let h(v) = v**2 - 2*v - 1. Let y be h(-2). Let w = y + -10. Let a(n) = n**3 + 4*n**2 + 3 + 3*n - 3 - 3. Calculate a(w).
-3
Let r(g) = -g + 5. Let j(t) = -t**2 - 5*t + 1. Let s be j(-4). Suppose -o = -s*o. Calculate r(o).
5
Let u(v) = -2*v**2 - 3*v + 3. Let b be u(-3). Let d(c) = -9*c + 2. Let o(z) = -2*z. Let k(h) = -d(h) + 4*o(h). Determine k(b).
-8
Let d(w) = 2 + w**2 - 3*w**3 - 7*w**2 - 3*w + 0*w**2. Let y(l) = 7*l**3 + 13*l**2 + 7*l - 3. Let t(c) = 5*d(c) + 2*y(c). What is t(-3)?
-2
Let v(n) = -10*n**3 + 3*n + 6. Let o(g) = -11*g**3 + 4*g + 7. Let q(b) = 5*o(b) - 6*v(b). Let w = -242 + 243. Determine q(w).
6
Let a(g) be the second derivative of g**4/12 - g**3/6 + g**2/2 + g. Let h(y) = -5*y + 26. Let n be h(5). Determine a(n).
1
Suppose 0 = -j + 6 - 1. Let a(n) = -n**2 + 7*n - 7. What is a(j)?
3
Let j be ((-16)/(-12))/(12/27). Let g(k) be the second derivative of -1/2*k**j + 2*k + 0 - 3/2*k**2. Give g(-3).
6
Let s(m) be the first derivative of -3 + 1/4*m**4 - 3*m - 4/3*m**3 + 0*m**2. Suppose -i - 5*t - 3 = 18, 17 = -2*i - 5*t. Calculate s(i).
-3
Suppose 2*s = 10, -3*h - 7*s + 25 = -2*s. Let x(w) = -w**2 - w + 12. What is x(h)?
12
Let x(n) = n**2 + 6*n - 4. Let j be x(-7). Suppose -4*k = k + 2*u - 21, -j = -u. Let z = k - 4. Let a(m) = m. What is a(z)?
-1
Suppose 0*o = -3*o + 45. Let j be (27/o)/(6/20). Let t(b) = b**2 - 7*b + 2. Determine t(j).
-4
Let x = -9 - -11. Let i(y) = 2*y**x + 5 - y**2 - 3 - 2*y**2. Calculate i(-2).
-2
Let d be ((-5)/(-15))/((-5)/(-60)). Let o(u) = u**3 - 5*u**2 + 7*u - 6. What is o(d)?
6
Let a(o) = o**3 + o**2 - 3*o - 1. Suppose 2 = y + 4. Let k be a(y). Let i be (7/(-35))/(k/(-5)). Let h(r) = r**2 + r - 1. What is h(i)?
1
Let k(b) = 2*b**3 + b**2 + 3*b - 2. Let x be k(2). Suppose 5*i - 12 = -2*p + 6, 0 = 5*i - 4*p - x. Let a(j) = 2 + i + j - 1. Calculate a(-5).
0
Let d(w) = -w**2 + 6*w + 1. Let n be (-1 + 6)*2/2. Let k be d(n). Let p(v) = -v**3 + 7*v**2 - 7*v + 2. What is p(k)?
-4
Let s(c) = 0*c**3 - c**3 - 5 + 3. Let x = 8 + -5. Suppose 3*o = x*i, -4*o = -0*i + 5*i + 18. Determine s(i).
6
Suppose -4*d = 2*k, 0 = -0*d + 3*d + 4*k. Let r = d - -1. Suppose -2*t + 7 = -x, t = -2*x + 7*x - r. Let w(i) = 2*i**2 - 2*i + 1. Give w(x).
1
Suppose 0 = 3*b - 3*y + 6, -4*b + 2*y - 2 = y. Let m(c) be the third derivative of 0 - 2*c**2 + b*c - 1/4*c**4 + 0*c**3. What is m(-1)?
6
Let b(z) = 6*z**2 + 2*z. Let m(i) = -i**3 + i**2 - 1. Let d(a) = a**2 + 6*a + 1. Let y be d(-6). Let w(k) = y*b(k) - m(k). Let v = 3 - 8. What is w(v)?
-9
Let l be 3 + (-8)/(-4) + -3. Let j(z) = 2 + 0 + 2*z - 13*z**l + 14*z**2. Determine j(-4).
10
Let y be 5/20 - (-18)/(-8). Let i be (y + 1)*(0 + 6). Let k(c) = 3*c + 9. What is k(i)?
-9
Suppose z + 2 = 5. Let n(f) = -3*f - f**z + 2*f**3 - 2 + 2*f**2 + f**2 + 0*f. Determine n(-3).
7
Let x(j) = -2*j**2 - 4*j. Let r = -4 + 1. What is x(r)?
-6
Suppose -2*i = h - 7 - 1, 2*h - 8 = -2*i. Suppose -10 = 2*s - h*s. Let f(r) = r**2 + 8*r + 7. Give f(s).
-8
Let f(b) = -b**3 - 5*b**2 + 5*b - 9. Let l be f(-6). Let o(t) be the first derivative of t**4/4 + 2*t**3/3 - t**2 + 7. Calculate o(l).
-3
Let l(y) = -3*y - 2. Suppose -2*w - 12 = i, 4*i = -w + 5*w + 12. Give l(i).
4
Let z(w) = w**2 + 6*w + 5. Let j be z(-5). Let r = j + -1. Let x(m) = 16*m + 21*m + 20*m - 54*m. What is x(r)?
-3
Let s(n) be the first derivative of -n**4/12 - 5*n**2/2 - 9. Let l(q) be the second derivative of s(q). Calculate l(3).
-6
Let j = -8 + 12. Let q(m) = m**2 - 6*m + 2. Determine q(j).
-6
Let n(d) = -14 + 24*d**2 - 14 + 28 - d. Calculate n(-1).
25
Let x(t) be the first derivative of -3 + 2/3*t**3 + t - 1/4*t**4 + 2*t**2. Determine x(3).
4
Let u = 16 - 13. Let x(j) = -j**2 + 4*j + 1. Determine x(u).
4
Let i(d) = 16*d**3 - 2*d**2 - 2*d - 1. Suppose -10 = -4*m + 2. Suppose 4*w + 5*a - m*a + 4 = 0, 0 = 2*a. Calculate i(w).
-17
Let a(g) = -3 - 5*g - 9*g**2 + 31*g**2 - 23*g**2. What is a(-4)?
1
Let l(h) = -21*h + 5. Let d = 10 - 3. Let z(s) = -10*s + 3. Let o(n) = d*z(n) - 4*l(n). Determine o(-1).
-13
Let v(j) = -5*j**2 + j. Let q(f) = -f**3 + f**2 + 2*f + 1. Let x be q(-1). Determine v(x).
-4
Let g(l) be the first derivative of -3*l**4/2 - l**3/3 + l - 2. What is g(1)?
-6
Let j(f) = -13*f + 1. Let h(g) be the second derivative of 9*g**3/2 - g**2 - g. Let x(a) = 2*h(a) + 5*j(a). Determine x(1).
-10
Let u(x) be the third derivative of x**8/20160 + x**7/5040 - x**6/144 - x**5/15 - 2*x**2. Let m(h) be the third derivative of u(h). Give m(-4).
7
Let q(s) = -4*s**3 - 4*s**2 - 7*s - 5. Let v = -22 - -17. Let m(x) = 5*x**3 + 5*x**2 + 8*x + 6. Let c(u) = v*m(u) - 6*q(u). What is c(-2)?
0
Let k(g) = g**2 + 6*g + 2. Suppose -6*m + m = -50. Let p be (m/4)/((-1)/2). Determine k(p).
-3
Let y be (-3)/(12 + -3)*15. Let u(h) = h**3 + 6*h**2 + 5*h. Determine u(y).
0
Let r(f) = f**3 - 3*f**2 + 2*f - 1. Suppose d + 2*h = -1, -d = d + 3*h + 1. Suppose 0 = 2*i - 1 + 5. Let z be 2/d + (-2)/i. Give r(z).
5
Let j(n) = n**3 + n**2 + 1. Let k(a) = -3*a**3 - a**2 + a - 1. Let p(c) = 4*j(c) + k(c). Calculate p(-3).
0
Let r(o) = 2 + o**2 - 3*o**3 - 1 - 2*o**2. Let x be (-2 - 0) + -11*(-3)/33. Give r(x).
3
Let g(s) = -s**2 - 4*s - 3. Let f be g(-2). Suppose -5*j = 4*d - 10*j + 20, -8 = d - 2*j. Let x(c) = f - c + c**2 + d*c - c. Give x(4).
9
Let l(i) = 0 + 6*i**2 + 7 - 4*i**2 + 4*i**2 + i**3 + 4*i. Give l(-5).
12
Let i(f) be the first derivative of -2*f**3/3 - f**2 - f + 3. Let c be (-2)/6 - (-56)/24. What is i(c)?
-13
Let t(k) = k**3 - 8*k**2 - 1. Let u(n) = 2*n**3 - 15*n**2 - n - 2. Let b(w) = 7*t(w) - 4*u(w). Determine b(5).
-4
Let f(h) be the first derivative of -2 - 1/6*h**3 + 2*h + 1/2*h**2. Let w(i) be the first derivative of f(i). Calculate w(-5).
6
Suppose -3*g + 9 = 0, q = -q + 5*g - 27. Let r(x) = x**3 + 5*x**2 - 4*x + 3. Give r(q).
-9
Suppose 1 + 1 = 2*v. Let q(g) = -3*g**3 + g. Give q(v).
-